{"id":1032,"date":"2024-01-10T17:49:07","date_gmt":"2024-01-10T17:49:07","guid":{"rendered":"https:\/\/farana.cal24.pl\/?page_id=1032"},"modified":"2026-01-18T18:22:41","modified_gmt":"2026-01-18T18:22:41","slug":"szt","status":"publish","type":"page","link":"https:\/\/farana.cal24.pl\/?page_id=1032","title":{"rendered":"SZT"},"content":{"rendered":"\n<figure class=\"wp-block-gallery has-nested-images columns-3 is-cropped wp-block-gallery-1 is-layout-flex wp-block-gallery-is-layout-flex\">\n<figure class=\"wp-block-image size-full\"><a href=\"https:\/\/farana.cal24.pl\/?cat=159\" target=\"_blank\" rel=\" noreferrer noopener\"><img loading=\"lazy\" decoding=\"async\" width=\"350\" height=\"100\" data-id=\"4692\" src=\"https:\/\/farana.cal24.pl\/wp-content\/uploads\/2026\/01\/sa132.jpg\" alt=\"\" class=\"wp-image-4692\" srcset=\"https:\/\/farana.cal24.pl\/wp-content\/uploads\/2026\/01\/sa132.jpg 350w, https:\/\/farana.cal24.pl\/wp-content\/uploads\/2026\/01\/sa132-300x86.jpg 300w\" sizes=\"(max-width: 350px) 100vw, 350px\" \/><\/a><\/figure>\n\n\n\n<figure class=\"wp-block-image size-full\"><img loading=\"lazy\" decoding=\"async\" width=\"350\" height=\"100\" data-id=\"4693\" src=\"https:\/\/farana.cal24.pl\/wp-content\/uploads\/2026\/01\/SA133_134.jpg\" alt=\"\" class=\"wp-image-4693\" srcset=\"https:\/\/farana.cal24.pl\/wp-content\/uploads\/2026\/01\/SA133_134.jpg 350w, https:\/\/farana.cal24.pl\/wp-content\/uploads\/2026\/01\/SA133_134-300x86.jpg 300w\" sizes=\"(max-width: 350px) 100vw, 350px\" \/><figcaption class=\"wp-element-caption\">SA133<\/figcaption><\/figure>\n\n\n\n<figure class=\"wp-block-image size-full\"><a href=\"https:\/\/farana.cal24.pl\/?cat=160\" target=\"_blank\" rel=\" noreferrer noopener\"><img loading=\"lazy\" decoding=\"async\" width=\"350\" height=\"100\" data-id=\"4694\" src=\"https:\/\/farana.cal24.pl\/wp-content\/uploads\/2026\/01\/sa134.jpg\" alt=\"\" class=\"wp-image-4694\" srcset=\"https:\/\/farana.cal24.pl\/wp-content\/uploads\/2026\/01\/sa134.jpg 350w, https:\/\/farana.cal24.pl\/wp-content\/uploads\/2026\/01\/sa134-300x86.jpg 300w\" sizes=\"(max-width: 350px) 100vw, 350px\" \/><\/a><\/figure>\n\n\n\n<figure class=\"wp-block-image size-full\"><img loading=\"lazy\" decoding=\"async\" width=\"350\" height=\"100\" data-id=\"4695\" src=\"https:\/\/farana.cal24.pl\/wp-content\/uploads\/2026\/01\/sa138.jpg\" alt=\"\" class=\"wp-image-4695\" srcset=\"https:\/\/farana.cal24.pl\/wp-content\/uploads\/2026\/01\/sa138.jpg 350w, https:\/\/farana.cal24.pl\/wp-content\/uploads\/2026\/01\/sa138-300x86.jpg 300w\" sizes=\"(max-width: 350px) 100vw, 350px\" \/><\/figure>\n\n\n\n<figure class=\"wp-block-image size-full\"><a href=\"https:\/\/farana.cal24.pl\/?cat=157\" target=\"_blank\" rel=\" noreferrer noopener\"><img loading=\"lazy\" decoding=\"async\" width=\"350\" height=\"100\" data-id=\"4689\" src=\"https:\/\/farana.cal24.pl\/wp-content\/uploads\/2026\/01\/sa103.jpg\" alt=\"\" class=\"wp-image-4689\" srcset=\"https:\/\/farana.cal24.pl\/wp-content\/uploads\/2026\/01\/sa103.jpg 350w, https:\/\/farana.cal24.pl\/wp-content\/uploads\/2026\/01\/sa103-300x86.jpg 300w\" sizes=\"(max-width: 350px) 100vw, 350px\" \/><\/a><\/figure>\n\n\n\n<figure class=\"wp-block-image size-full\"><a href=\"https:\/\/farana.cal24.pl\/?cat=158\" target=\"_blank\" rel=\" noreferrer noopener\"><img loading=\"lazy\" decoding=\"async\" width=\"350\" height=\"100\" data-id=\"4691\" src=\"https:\/\/farana.cal24.pl\/wp-content\/uploads\/2026\/01\/sa109.jpg\" alt=\"\" class=\"wp-image-4691\" srcset=\"https:\/\/farana.cal24.pl\/wp-content\/uploads\/2026\/01\/sa109.jpg 350w, https:\/\/farana.cal24.pl\/wp-content\/uploads\/2026\/01\/sa109-300x86.jpg 300w\" sizes=\"(max-width: 350px) 100vw, 350px\" \/><\/a><\/figure>\n\n\n\n<figure class=\"wp-block-image size-full\"><a href=\"https:\/\/farana.cal24.pl\/?cat=39\" target=\"_blank\" rel=\" noreferrer noopener\"><img loading=\"lazy\" decoding=\"async\" width=\"350\" height=\"100\" data-id=\"4690\" src=\"https:\/\/farana.cal24.pl\/wp-content\/uploads\/2026\/01\/sa108.jpg\" alt=\"\" class=\"wp-image-4690\" srcset=\"https:\/\/farana.cal24.pl\/wp-content\/uploads\/2026\/01\/sa108.jpg 350w, https:\/\/farana.cal24.pl\/wp-content\/uploads\/2026\/01\/sa108-300x86.jpg 300w\" sizes=\"(max-width: 350px) 100vw, 350px\" \/><\/a><\/figure>\n\n\n\n<figure class=\"wp-block-image size-full\"><img loading=\"lazy\" decoding=\"async\" width=\"350\" height=\"100\" data-id=\"4683\" src=\"https:\/\/farana.cal24.pl\/wp-content\/uploads\/2026\/01\/pesa_link_rozne.jpg\" alt=\"\" class=\"wp-image-4683\" srcset=\"https:\/\/farana.cal24.pl\/wp-content\/uploads\/2026\/01\/pesa_link_rozne.jpg 350w, https:\/\/farana.cal24.pl\/wp-content\/uploads\/2026\/01\/pesa_link_rozne-300x86.jpg 300w\" sizes=\"(max-width: 350px) 100vw, 350px\" \/><\/figure>\n\n\n\n<figure class=\"wp-block-image size-full\"><img loading=\"lazy\" decoding=\"async\" width=\"350\" height=\"100\" data-id=\"4688\" src=\"https:\/\/farana.cal24.pl\/wp-content\/uploads\/2026\/01\/SA102_103.jpg\" alt=\"\" class=\"wp-image-4688\" srcset=\"https:\/\/farana.cal24.pl\/wp-content\/uploads\/2026\/01\/SA102_103.jpg 350w, https:\/\/farana.cal24.pl\/wp-content\/uploads\/2026\/01\/SA102_103-300x86.jpg 300w\" sizes=\"(max-width: 350px) 100vw, 350px\" \/><figcaption class=\"wp-element-caption\"><strong>SA102<\/strong><\/figcaption><\/figure>\n\n\n\n<figure class=\"wp-block-image size-full\"><a href=\"https:\/\/farana.cal24.pl\/?cat=38\" target=\"_blank\" rel=\" noreferrer noopener\"><img loading=\"lazy\" decoding=\"async\" width=\"350\" height=\"100\" data-id=\"4703\" src=\"https:\/\/farana.cal24.pl\/wp-content\/uploads\/2026\/01\/sn80.jpg\" alt=\"\" class=\"wp-image-4703\" srcset=\"https:\/\/farana.cal24.pl\/wp-content\/uploads\/2026\/01\/sn80.jpg 350w, https:\/\/farana.cal24.pl\/wp-content\/uploads\/2026\/01\/sn80-300x86.jpg 300w\" sizes=\"(max-width: 350px) 100vw, 350px\" \/><\/a><\/figure>\n\n\n\n<figure class=\"wp-block-image size-full\"><a href=\"https:\/\/farana.cal24.pl\/?cat=155\" target=\"_blank\" rel=\" noreferrer noopener\"><img loading=\"lazy\" decoding=\"async\" width=\"350\" height=\"100\" data-id=\"4704\" src=\"https:\/\/farana.cal24.pl\/wp-content\/uploads\/2026\/01\/sn82.jpg\" alt=\"\" class=\"wp-image-4704\" srcset=\"https:\/\/farana.cal24.pl\/wp-content\/uploads\/2026\/01\/sn82.jpg 350w, https:\/\/farana.cal24.pl\/wp-content\/uploads\/2026\/01\/sn82-300x86.jpg 300w\" sizes=\"(max-width: 350px) 100vw, 350px\" \/><\/a><\/figure>\n\n\n\n<figure class=\"wp-block-image size-full\"><a href=\"https:\/\/farana.cal24.pl\/?cat=155\" target=\"_blank\" rel=\" noreferrer noopener\"><img loading=\"lazy\" decoding=\"async\" width=\"350\" height=\"100\" data-id=\"4705\" src=\"https:\/\/farana.cal24.pl\/wp-content\/uploads\/2026\/01\/sn83.jpg\" alt=\"\" class=\"wp-image-4705\" srcset=\"https:\/\/farana.cal24.pl\/wp-content\/uploads\/2026\/01\/sn83.jpg 350w, https:\/\/farana.cal24.pl\/wp-content\/uploads\/2026\/01\/sn83-300x86.jpg 300w\" sizes=\"(max-width: 350px) 100vw, 350px\" \/><\/a><\/figure>\n\n\n\n<figure class=\"wp-block-image size-full\"><a href=\"https:\/\/farana.cal24.pl\/?cat=156\" target=\"_blank\" rel=\" noreferrer noopener\"><img loading=\"lazy\" decoding=\"async\" width=\"350\" height=\"100\" data-id=\"4706\" src=\"https:\/\/farana.cal24.pl\/wp-content\/uploads\/2026\/01\/sn84.jpg\" alt=\"\" class=\"wp-image-4706\" srcset=\"https:\/\/farana.cal24.pl\/wp-content\/uploads\/2026\/01\/sn84.jpg 350w, https:\/\/farana.cal24.pl\/wp-content\/uploads\/2026\/01\/sn84-300x86.jpg 300w\" sizes=\"(max-width: 350px) 100vw, 350px\" \/><\/a><\/figure>\n\n\n\n<figure class=\"wp-block-image size-full\"><a href=\"https:\/\/farana.cal24.pl\/?cat=523\" target=\"_blank\" rel=\" noreferrer noopener\"><img loading=\"lazy\" decoding=\"async\" width=\"350\" height=\"100\" data-id=\"4730\" src=\"https:\/\/farana.cal24.pl\/wp-content\/uploads\/2026\/01\/814.jpg\" alt=\"\" class=\"wp-image-4730\" srcset=\"https:\/\/farana.cal24.pl\/wp-content\/uploads\/2026\/01\/814.jpg 350w, https:\/\/farana.cal24.pl\/wp-content\/uploads\/2026\/01\/814-300x86.jpg 300w\" sizes=\"(max-width: 350px) 100vw, 350px\" \/><\/a><\/figure>\n<\/figure>\n\n\n<hr \/>\n<p style=\"text-align: center;\"><strong>Najnowsze Zdj\u0119cia Spalinowych Zespo\u0142\u00f3w Trakcyjnych oraz Autobus\u00f3w Szynowych:<\/strong><\/p>\n\n\n<p class=\"has-text-align-center has-medium-font-size\"><\/p>\n\n\n<ul class=\"wp-block-latest-posts__list is-grid columns-3 wp-block-latest-posts style--widget-box style-local--widget-box wp-block-kubio-core-latest-posts__widget-box\"><li><div class=\"wp-block-latest-posts__featured-image aligncenter\"><a href=\"https:\/\/farana.cal24.pl\/?p=1765\" aria-label=\"SN83-003 Relacja\"><img loading=\"lazy\" decoding=\"async\" width=\"300\" height=\"199\" src=\"https:\/\/farana.cal24.pl\/wp-content\/uploads\/2024\/01\/DSC6020-300x199.jpg\" class=\"attachment-medium size-medium wp-post-image\" alt=\"\" style=\"\" srcset=\"https:\/\/farana.cal24.pl\/wp-content\/uploads\/2024\/01\/DSC6020-300x199.jpg 300w, https:\/\/farana.cal24.pl\/wp-content\/uploads\/2024\/01\/DSC6020-1024x679.jpg 1024w, https:\/\/farana.cal24.pl\/wp-content\/uploads\/2024\/01\/DSC6020-768x509.jpg 768w, https:\/\/farana.cal24.pl\/wp-content\/uploads\/2024\/01\/DSC6020-1140x755.jpg 1140w, https:\/\/farana.cal24.pl\/wp-content\/uploads\/2024\/01\/DSC6020-500x330.jpg 500w, https:\/\/farana.cal24.pl\/wp-content\/uploads\/2024\/01\/DSC6020.jpg 1500w\" sizes=\"(max-width: 300px) 100vw, 300px\" \/><\/a><\/div><a class=\"wp-block-latest-posts__post-title\" href=\"https:\/\/farana.cal24.pl\/?p=1765\">SN83-003 Relacja<\/a><\/li>\n<li><div class=\"wp-block-latest-posts__featured-image aligncenter\"><a href=\"https:\/\/farana.cal24.pl\/?p=1755\" aria-label=\"SN84-001\"><img loading=\"lazy\" decoding=\"async\" width=\"300\" height=\"199\" src=\"https:\/\/farana.cal24.pl\/wp-content\/uploads\/2024\/01\/DSC6047-300x199.jpg\" class=\"attachment-medium size-medium wp-post-image\" alt=\"\" style=\"\" srcset=\"https:\/\/farana.cal24.pl\/wp-content\/uploads\/2024\/01\/DSC6047-300x199.jpg 300w, https:\/\/farana.cal24.pl\/wp-content\/uploads\/2024\/01\/DSC6047-1024x679.jpg 1024w, https:\/\/farana.cal24.pl\/wp-content\/uploads\/2024\/01\/DSC6047-768x509.jpg 768w, https:\/\/farana.cal24.pl\/wp-content\/uploads\/2024\/01\/DSC6047-1140x755.jpg 1140w, https:\/\/farana.cal24.pl\/wp-content\/uploads\/2024\/01\/DSC6047-500x330.jpg 500w, https:\/\/farana.cal24.pl\/wp-content\/uploads\/2024\/01\/DSC6047.jpg 1500w\" sizes=\"(max-width: 300px) 100vw, 300px\" \/><\/a><\/div><a class=\"wp-block-latest-posts__post-title\" href=\"https:\/\/farana.cal24.pl\/?p=1755\">SN84-001<\/a><\/li>\n<li><div class=\"wp-block-latest-posts__featured-image aligncenter\"><a href=\"https:\/\/farana.cal24.pl\/?p=1749\" aria-label=\"SN84-002\"><img loading=\"lazy\" decoding=\"async\" width=\"300\" height=\"199\" src=\"https:\/\/farana.cal24.pl\/wp-content\/uploads\/2024\/01\/DSC6029-300x199.jpg\" class=\"attachment-medium size-medium wp-post-image\" alt=\"\" style=\"\" srcset=\"https:\/\/farana.cal24.pl\/wp-content\/uploads\/2024\/01\/DSC6029-300x199.jpg 300w, https:\/\/farana.cal24.pl\/wp-content\/uploads\/2024\/01\/DSC6029-1024x679.jpg 1024w, https:\/\/farana.cal24.pl\/wp-content\/uploads\/2024\/01\/DSC6029-768x509.jpg 768w, https:\/\/farana.cal24.pl\/wp-content\/uploads\/2024\/01\/DSC6029-1140x755.jpg 1140w, https:\/\/farana.cal24.pl\/wp-content\/uploads\/2024\/01\/DSC6029-500x330.jpg 500w, https:\/\/farana.cal24.pl\/wp-content\/uploads\/2024\/01\/DSC6029.jpg 1500w\" sizes=\"(max-width: 300px) 100vw, 300px\" \/><\/a><\/div><a class=\"wp-block-latest-posts__post-title\" href=\"https:\/\/farana.cal24.pl\/?p=1749\">SN84-002<\/a><\/li>\n<li><div class=\"wp-block-latest-posts__featured-image aligncenter\"><a href=\"https:\/\/farana.cal24.pl\/?p=1746\" aria-label=\"SN84-002\"><img loading=\"lazy\" decoding=\"async\" width=\"300\" height=\"189\" src=\"https:\/\/farana.cal24.pl\/wp-content\/uploads\/2024\/01\/dsc8667-e1706387281170-300x189.jpg\" class=\"attachment-medium size-medium wp-post-image\" alt=\"\" style=\"\" srcset=\"https:\/\/farana.cal24.pl\/wp-content\/uploads\/2024\/01\/dsc8667-e1706387281170-300x189.jpg 300w, https:\/\/farana.cal24.pl\/wp-content\/uploads\/2024\/01\/dsc8667-e1706387281170-768x485.jpg 768w, https:\/\/farana.cal24.pl\/wp-content\/uploads\/2024\/01\/dsc8667-e1706387281170.jpg 900w\" sizes=\"(max-width: 300px) 100vw, 300px\" \/><\/a><\/div><a class=\"wp-block-latest-posts__post-title\" href=\"https:\/\/farana.cal24.pl\/?p=1746\">SN84-002<\/a><\/li>\n<li><div class=\"wp-block-latest-posts__featured-image aligncenter\"><a href=\"https:\/\/farana.cal24.pl\/?p=1743\" aria-label=\"814 167-3\"><img loading=\"lazy\" decoding=\"async\" width=\"300\" height=\"199\" src=\"https:\/\/farana.cal24.pl\/wp-content\/uploads\/2024\/01\/DSC4702-300x199.jpg\" class=\"attachment-medium size-medium wp-post-image\" alt=\"\" style=\"\" srcset=\"https:\/\/farana.cal24.pl\/wp-content\/uploads\/2024\/01\/DSC4702-300x199.jpg 300w, https:\/\/farana.cal24.pl\/wp-content\/uploads\/2024\/01\/DSC4702-768x509.jpg 768w, https:\/\/farana.cal24.pl\/wp-content\/uploads\/2024\/01\/DSC4702-500x330.jpg 500w, https:\/\/farana.cal24.pl\/wp-content\/uploads\/2024\/01\/DSC4702.jpg 900w\" sizes=\"(max-width: 300px) 100vw, 300px\" \/><\/a><\/div><a class=\"wp-block-latest-posts__post-title\" href=\"https:\/\/farana.cal24.pl\/?p=1743\">814 167-3<\/a><\/li>\n<li><div class=\"wp-block-latest-posts__featured-image aligncenter\"><a href=\"https:\/\/farana.cal24.pl\/?p=1736\" aria-label=\"SA139-012\"><img loading=\"lazy\" decoding=\"async\" width=\"300\" height=\"199\" src=\"https:\/\/farana.cal24.pl\/wp-content\/uploads\/2024\/01\/DSC9736-300x199.jpg\" class=\"attachment-medium size-medium wp-post-image\" alt=\"\" style=\"\" srcset=\"https:\/\/farana.cal24.pl\/wp-content\/uploads\/2024\/01\/DSC9736-300x199.jpg 300w, https:\/\/farana.cal24.pl\/wp-content\/uploads\/2024\/01\/DSC9736-768x509.jpg 768w, https:\/\/farana.cal24.pl\/wp-content\/uploads\/2024\/01\/DSC9736-500x330.jpg 500w, https:\/\/farana.cal24.pl\/wp-content\/uploads\/2024\/01\/DSC9736.jpg 1024w\" sizes=\"(max-width: 300px) 100vw, 300px\" \/><\/a><\/div><a class=\"wp-block-latest-posts__post-title\" href=\"https:\/\/farana.cal24.pl\/?p=1736\">SA139-012<\/a><\/li>\n<li><div class=\"wp-block-latest-posts__featured-image aligncenter\"><a href=\"https:\/\/farana.cal24.pl\/?p=1732\" aria-label=\"844 017-4 &#038; EN76-035\"><img loading=\"lazy\" decoding=\"async\" width=\"300\" height=\"200\" src=\"https:\/\/farana.cal24.pl\/wp-content\/uploads\/2024\/01\/DSC2575-300x200.jpg\" class=\"attachment-medium size-medium wp-post-image\" alt=\"\" style=\"\" srcset=\"https:\/\/farana.cal24.pl\/wp-content\/uploads\/2024\/01\/DSC2575-300x200.jpg 300w, https:\/\/farana.cal24.pl\/wp-content\/uploads\/2024\/01\/DSC2575-1024x682.jpg 1024w, https:\/\/farana.cal24.pl\/wp-content\/uploads\/2024\/01\/DSC2575-768x512.jpg 768w, https:\/\/farana.cal24.pl\/wp-content\/uploads\/2024\/01\/DSC2575-1140x760.jpg 1140w, https:\/\/farana.cal24.pl\/wp-content\/uploads\/2024\/01\/DSC2575.jpg 1280w\" sizes=\"(max-width: 300px) 100vw, 300px\" \/><\/a><\/div><a class=\"wp-block-latest-posts__post-title\" href=\"https:\/\/farana.cal24.pl\/?p=1732\">844 017-4 &#038; EN76-035<\/a><\/li>\n<li><div class=\"wp-block-latest-posts__featured-image aligncenter\"><a href=\"https:\/\/farana.cal24.pl\/?p=1729\" aria-label=\"844 017-4\"><img loading=\"lazy\" decoding=\"async\" width=\"300\" height=\"184\" src=\"https:\/\/farana.cal24.pl\/wp-content\/uploads\/2024\/01\/DSC2576-300x184.jpg\" class=\"attachment-medium size-medium wp-post-image\" alt=\"\" style=\"\" srcset=\"https:\/\/farana.cal24.pl\/wp-content\/uploads\/2024\/01\/DSC2576-300x184.jpg 300w, https:\/\/farana.cal24.pl\/wp-content\/uploads\/2024\/01\/DSC2576-1024x628.jpg 1024w, https:\/\/farana.cal24.pl\/wp-content\/uploads\/2024\/01\/DSC2576-768x471.jpg 768w, https:\/\/farana.cal24.pl\/wp-content\/uploads\/2024\/01\/DSC2576-1140x699.jpg 1140w, https:\/\/farana.cal24.pl\/wp-content\/uploads\/2024\/01\/DSC2576.jpg 1280w\" sizes=\"(max-width: 300px) 100vw, 300px\" \/><\/a><\/div><a class=\"wp-block-latest-posts__post-title\" href=\"https:\/\/farana.cal24.pl\/?p=1729\">844 017-4<\/a><\/li>\n<li><div class=\"wp-block-latest-posts__featured-image aligncenter\"><a href=\"https:\/\/farana.cal24.pl\/?p=1726\" aria-label=\"844 017-4\"><img loading=\"lazy\" decoding=\"async\" width=\"300\" height=\"200\" src=\"https:\/\/farana.cal24.pl\/wp-content\/uploads\/2024\/01\/DSC2596-300x200.jpg\" class=\"attachment-medium size-medium wp-post-image\" alt=\"\" style=\"\" srcset=\"https:\/\/farana.cal24.pl\/wp-content\/uploads\/2024\/01\/DSC2596-300x200.jpg 300w, https:\/\/farana.cal24.pl\/wp-content\/uploads\/2024\/01\/DSC2596-1024x682.jpg 1024w, https:\/\/farana.cal24.pl\/wp-content\/uploads\/2024\/01\/DSC2596-768x512.jpg 768w, https:\/\/farana.cal24.pl\/wp-content\/uploads\/2024\/01\/DSC2596-1140x760.jpg 1140w, https:\/\/farana.cal24.pl\/wp-content\/uploads\/2024\/01\/DSC2596.jpg 1280w\" sizes=\"(max-width: 300px) 100vw, 300px\" \/><\/a><\/div><a class=\"wp-block-latest-posts__post-title\" href=\"https:\/\/farana.cal24.pl\/?p=1726\">844 017-4<\/a><\/li>\n<li><div class=\"wp-block-latest-posts__featured-image aligncenter\"><a href=\"https:\/\/farana.cal24.pl\/?p=1704\" aria-label=\"844 014-1 Relacja\"><img loading=\"lazy\" decoding=\"async\" width=\"300\" height=\"200\" src=\"https:\/\/farana.cal24.pl\/wp-content\/uploads\/2024\/01\/DSC7408-300x200.jpg\" class=\"attachment-medium size-medium wp-post-image\" alt=\"Pesa Link 844 014-1\" style=\"\" srcset=\"https:\/\/farana.cal24.pl\/wp-content\/uploads\/2024\/01\/DSC7408-300x200.jpg 300w, https:\/\/farana.cal24.pl\/wp-content\/uploads\/2024\/01\/DSC7408-1024x683.jpg 1024w, https:\/\/farana.cal24.pl\/wp-content\/uploads\/2024\/01\/DSC7408-768x512.jpg 768w, https:\/\/farana.cal24.pl\/wp-content\/uploads\/2024\/01\/DSC7408-1140x760.jpg 1140w, https:\/\/farana.cal24.pl\/wp-content\/uploads\/2024\/01\/DSC7408.jpg 1500w\" sizes=\"(max-width: 300px) 100vw, 300px\" \/><\/a><\/div><a class=\"wp-block-latest-posts__post-title\" href=\"https:\/\/farana.cal24.pl\/?p=1704\">844 014-1 Relacja<\/a><\/li>\n<li><div class=\"wp-block-latest-posts__featured-image aligncenter\"><a href=\"https:\/\/farana.cal24.pl\/?p=1701\" aria-label=\"SA103-013\"><img loading=\"lazy\" decoding=\"async\" width=\"300\" height=\"200\" src=\"https:\/\/farana.cal24.pl\/wp-content\/uploads\/2024\/01\/p3310006-300x200.jpg\" class=\"attachment-medium size-medium wp-post-image\" alt=\"\" style=\"\" srcset=\"https:\/\/farana.cal24.pl\/wp-content\/uploads\/2024\/01\/p3310006-300x200.jpg 300w, https:\/\/farana.cal24.pl\/wp-content\/uploads\/2024\/01\/p3310006-768x512.jpg 768w, https:\/\/farana.cal24.pl\/wp-content\/uploads\/2024\/01\/p3310006.jpg 900w\" sizes=\"(max-width: 300px) 100vw, 300px\" \/><\/a><\/div><a class=\"wp-block-latest-posts__post-title\" href=\"https:\/\/farana.cal24.pl\/?p=1701\">SA103-013<\/a><\/li>\n<li><div class=\"wp-block-latest-posts__featured-image aligncenter\"><a href=\"https:\/\/farana.cal24.pl\/?p=961\" aria-label=\"SA108-010\"><img loading=\"lazy\" decoding=\"async\" width=\"300\" height=\"200\" src=\"https:\/\/farana.cal24.pl\/wp-content\/uploads\/2024\/01\/dsc0984-300x200.jpg\" class=\"attachment-medium size-medium wp-post-image\" alt=\"SA108-010\" style=\"\" srcset=\"https:\/\/farana.cal24.pl\/wp-content\/uploads\/2024\/01\/dsc0984-300x200.jpg 300w, https:\/\/farana.cal24.pl\/wp-content\/uploads\/2024\/01\/dsc0984-768x512.jpg 768w, https:\/\/farana.cal24.pl\/wp-content\/uploads\/2024\/01\/dsc0984.jpg 900w\" sizes=\"(max-width: 300px) 100vw, 300px\" \/><\/a><\/div><a class=\"wp-block-latest-posts__post-title\" href=\"https:\/\/farana.cal24.pl\/?p=961\">SA108-010<\/a><\/li>\n<li><div class=\"wp-block-latest-posts__featured-image aligncenter\"><a href=\"https:\/\/farana.cal24.pl\/?p=956\" aria-label=\"SN80-12\"><img loading=\"lazy\" decoding=\"async\" width=\"300\" height=\"200\" src=\"https:\/\/farana.cal24.pl\/wp-content\/uploads\/2024\/01\/dsc0911-300x200.jpg\" class=\"attachment-medium size-medium wp-post-image\" alt=\"SN80-12\" style=\"\" srcset=\"https:\/\/farana.cal24.pl\/wp-content\/uploads\/2024\/01\/dsc0911-300x200.jpg 300w, https:\/\/farana.cal24.pl\/wp-content\/uploads\/2024\/01\/dsc0911-768x512.jpg 768w, https:\/\/farana.cal24.pl\/wp-content\/uploads\/2024\/01\/dsc0911.jpg 900w\" sizes=\"(max-width: 300px) 100vw, 300px\" \/><\/a><\/div><a class=\"wp-block-latest-posts__post-title\" href=\"https:\/\/farana.cal24.pl\/?p=956\">SN80-12<\/a><\/li>\n<\/ul>\n\n\n<p><\/p>\n","protected":false},"excerpt":{"rendered":"<p>Najnowsze Zdj\u0119cia Spalinowych Zespo\u0142\u00f3w Trakcyjnych oraz Autobus\u00f3w Szynowych:<\/p>\n","protected":false},"author":1,"featured_media":0,"parent":0,"menu_order":0,"comment_status":"closed","ping_status":"closed","template":"","meta":{"saved_in_kubio":false,"footnotes":""},"class_list":["post-1032","page","type-page","status-publish","hentry"],"kubio_ai_page_context":{"short_desc":"","purpose":"general"},"_links":{"self":[{"href":"https:\/\/farana.cal24.pl\/index.php?rest_route=\/wp\/v2\/pages\/1032","targetHints":{"allow":["GET"]}}],"collection":[{"href":"https:\/\/farana.cal24.pl\/index.php?rest_route=\/wp\/v2\/pages"}],"about":[{"href":"https:\/\/farana.cal24.pl\/index.php?rest_route=\/wp\/v2\/types\/page"}],"author":[{"embeddable":true,"href":"https:\/\/farana.cal24.pl\/index.php?rest_route=\/wp\/v2\/users\/1"}],"replies":[{"embeddable":true,"href":"https:\/\/farana.cal24.pl\/index.php?rest_route=%2Fwp%2Fv2%2Fcomments&post=1032"}],"version-history":[{"count":12,"href":"https:\/\/farana.cal24.pl\/index.php?rest_route=\/wp\/v2\/pages\/1032\/revisions"}],"predecessor-version":[{"id":4737,"href":"https:\/\/farana.cal24.pl\/index.php?rest_route=\/wp\/v2\/pages\/1032\/revisions\/4737"}],"wp:attachment":[{"href":"https:\/\/farana.cal24.pl\/index.php?rest_route=%2Fwp%2Fv2%2Fmedia&parent=1032"}],"curies":[{"name":"wp","href":"https:\/\/api.w.org\/{rel}","templated":true}]}}